 u(v) = -7*v**2 + 987*v + 30. List the prime factors of u(29).
2, 11383
Let k = -1164 - -605. Let t = -28 - k. What are the prime factors of t?
3, 59
Suppose 4*n = 5*w - 12, -3 = 5*w + 4*n - 31. Suppose 0 = 6*o - w*o - 620. List the prime factors of o.
2, 5, 31
Let g(y) = 2*y**3 + 65*y**2 - 10*y - 25. List the prime factors of g(-24).
10007
Suppose -2*k - 10 + 2 = 4*x, 0 = 4*x + 5*k + 20. Let o(t) = -24*t + 527. List the prime factors of o(x).
17, 31
Suppose t + 5*g = -t + 8323, 2*t = 4*g + 8278. List the prime factors of t.
3, 461
Let u(j) = -j**3 + 7*j**2 + 121*j + 19. Let w be u(15). Suppose 11862 = w*o - 8538. List the prime factors of o.
2, 3, 5
Suppose 0 = 2*c - 5*a - 4410, -4*c + 448*a = 445*a - 8862. What are the prime factors of c?
2, 3, 5, 37
Let m(d) = 1288*d**2 + 3*d + 8. Let j be m(-2). Suppose 4*r = -9*g + 12*g - 3082, j = 5*g + 2*r. List the prime factors of g.
2, 5, 103
Let i(n) = n**3 - 80*n**2 + 19*n - 266. What are the prime factors of i(80)?
2, 3, 11, 19
Let c(p) = 925*p - 750. Let y(d) = -6*d + 5. Let z(i) = -c(i) - 150*y(i). Suppose -3*l = 2*l - 5, 2*a + 4*l + 2 = 0. What are the prime factors of z(a)?
3, 5
Let m(w) = w + 14. Let h be m(-9). Suppose -q = h*v - 339, 5*q + 290 = 5*v - 25. List the prime factors of v.
67
Suppose -327*v + 254*v + 270830 = 0. What are the prime factors of v?
2, 5, 7, 53
Let j(g) = 582*g**2 + 31*g - 139. What are the prime factors of j(4)?
3, 1033
Let c be (-722)/(-8) + 189/252. Suppose 3*b - z - 109 = 3*z, 2*b = -z + c. List the prime factors of b.
43
Let r(t) = 297*t + 17. Let k be r(3). Suppose -903*g = -k*g + 3360. What are the prime factors of g?
2, 3, 7
Suppose 0*n + 3*m = n - 8, 4*n = -m + 6. Suppose -2 - 3 = -n*v + 3*x, -2*x + 6 = v. Suppose 5*w - 29 + v = 0, 0 = 2*s + 2*w - 132. List the prime factors of s.
61
Let u be (-2046)/(-10) + (12/(-20))/1. Let l = 556 - u. List the prime factors of l.
2, 11
Let g(m) = 22*m**2 - 12*m - 13. Let l be g(-1). Suppose n + w + 5 - l = 0, 3*n - 44 = w. List the prime factors of n.
3, 5
Suppose -10*q + 9 = -7*q. Suppose q*n = 1646 + 1573. What are the prime factors of n?
29, 37
Let r = -258 + 314. What are the prime factors of (r/(-8) - -591)*1?
2, 73
List the prime factors of (61803/(-27) - -7)*36/(-14).
2, 3, 163
Let g = 90601 + -51158. What are the prime factors of g?
39443
Let f = 149267 - 105722. List the prime factors of f.
3, 5, 2903
Suppose -7*r = -19*r + 1476. What are the prime factors of (-41)/r + (-1801)/(-3)?
2, 3, 5
Suppose 5*q - 3*t - 56905 = 0, q - 5*t - 12548 + 1189 = 0. What are the prime factors of q?
2, 1423
Suppose 3*n - 78*n + 88465 = -623510. List the prime factors of n.
11, 863
Let o(l) be the third derivative of -3*l**4/8 - 25*l**3/6 - 10*l**2. Let k be o(-13). Suppose 2*n - 64 = 3*c + c, -3*n = -4*c - k. List the prime factors of n.
2, 7
Let s(t) = 7618*t + 7550. What are the prime factors of s(7)?
2, 3, 19, 89
Suppose a = 2*f + 1, 28*f + 5*a + 25 = 23*f. List the prime factors of f/6*(-17)/((-68)/(-7512)).
2, 313
Let s = 1285 - -2168. List the prime factors of s.
3, 1151
Suppose -2*c + 60 = 3*c. Suppose -5*p + 10 = 0, x = -x - p + c. Suppose -29 = x*r - 2*w - 179, 0 = -5*r + 5*w + 150. List the prime factors of r.
2, 3, 5
Suppose -350*t + 268*t = 0. Let r(a) = 5*a**2 + 5*a + 2. Let d be r(-5). Suppose -5*g = 5*v - 1160, 3*v - 3*g - 768 + d = t. List the prime factors of v.
227
Let a(m) = 16 + 11 - 5 - 6 - 4*m. Let k be a(7). Let c = k + 39. List the prime factors of c.
3
Suppose 14 = 3*i + s + 3*s, -s = i - 3. What are the prime factors of (574 - 4) + i/(-2)?
571
Let p(a) = 2456*a + 236. List the prime factors of p(3).
2, 1901
Suppose 17*t = 125 + 113. Suppose -t*l - 2291 = 453. Let r = l + 425. What are the prime factors of r?
229
Suppose -26*g + 0*g + 198770 = 0. Suppose -29*k + 18*k + g = 0. What are the prime factors of k?
5, 139
Suppose 6*u = 10*u - 20. Suppose 23 = 3*r + q, 2*r = -r + u*q + 29. Let f(t) = 5*t - 35. What are the prime factors of f(r)?
5
Suppose -2*u - 5*d + 2552 + 1293 = 0, 0 = -2*u + 4*d + 3854. List the prime factors of u.
5, 7, 11
Let x(z) = -358*z - 60. Let y(v) = 4*v + 1. Let q(m) = x(m) + 5*y(m). List the prime factors of q(-5).
3, 5, 109
What are the prime factors of 423/94*(-85016)/(-12)?
3, 10627
Suppose 5*j - 3*c - 3206 = 2443, c = 3*j - 3391. Let t = j - 587. Suppose -2*x - t = -6*x. List the prime factors of x.
2, 17
Let n(v) = -10 + 7 - 11*v + 1 - 10. Let q be n(-2). List the prime factors of 215/q*3/((-9)/(-6)).
43
Let i be (1 - 19)/((-9)/(-24)). Let z = 730 + i. What are the prime factors of z?
2, 11, 31
Let g(t) = -t + 115*t**2 + 96*t**2 - 230*t**2. Let c be g(1). List the prime factors of (c/(-14))/((-2)/(-238)).
2, 5, 17
Let y(n) = -8*n - 85. Let k be y(11). Let l = -102 - k. List the prime factors of l.
71
Let x(z) be the first derivative of -z**4/4 - z**3/3 + 132*z - 3. Suppose -2*v = 8*v + 6*v. What are the prime factors of x(v)?
2, 3, 11
What are the prime factors of 559 + -562 + (1 - -15164)/1?
2, 3, 7, 19
Suppose -z - 494 = -g, z + 2*z - 490 = -g. Let f = 45 + g. List the prime factors of f.
2, 269
Let l(y) be the second derivative of -69*y**5/20 - y**4/6 + y**3/6 + y**2 + 5*y. Let t(p) = 3*p + 38. Let z be t(-13). What are the prime factors of l(z)?
2, 17
Let l(n) = -5*n - 6. Let x be l(-8). Suppose 4*m - 68 + 1 = 5*w, 2*w + x = 2*m. Suppose -12*y = -m*y + 312. List the prime factors of y.
2, 13
List the prime factors of (-2)/((-20)/(-45) - 76215/171180).
2, 317
Suppose 0 = -12*a + 50084 + 101599 + 168237. What are the prime factors of a?
2, 5, 31, 43
Let i(p) = 8009*p + 1824. List the prime factors of i(3).
3, 7, 1231
Let c = 8523 - 5892. List the prime factors of c.
3, 877
Let z(j) = -8667*j - 63. What are the prime factors of z(-1)?
2, 3, 239
Let l(t) = 26*t - 28. Let r be l(10). Suppose -188 = -3*s + 3*v + r, -4*v + 12 = 0. What are the prime factors of s?
11, 13
Let i be ((-585)/(-60))/((-6)/(-16)). Suppose q - i + 22 = 0. What are the prime factors of -5*(q/4 - 27)?
2, 5, 13
Let o(y) = 1308*y - 1270. What are the prime factors of o(5)?
2, 5, 17, 31
What are the prime factors of ((-226320)/(-483))/(4/602)?
2, 5, 41, 43
Let l(p) = p**2 - 18*p + 681. List the prime factors of l(58).
3001
Suppose 4*k + 59 = 63. Let j be (-1)/((-20)/(-955)) + k/(-4). Let d = -31 - j. List the prime factors of d.
17
Suppose -3476 - 196 = -r - 4*l, -r + 3669 = l. Suppose 16*n = 23*n - r. What are the prime factors of n?
2, 131
Let r(t) = 2967*t - 755. What are the prime factors of r(4)?
11113
Let o = 32643 - 30137. List the prime factors of o.
2, 7, 179
Let v be (14/(-35))/(1*2/(-20)). Suppose 3*c + 480 = v*r - 152, 2*r + 3*c - 316 = 0. What are the prime factors of r?
2, 79
Suppose 4*l - 10160 = 6*z, 4*l - z - 1404 = 8756. List the prime factors of l.
2, 5, 127
Let q(n) = -5 + 1 - 2 + 26*n - 28*n. Let h be q(-15). Suppose -2*l - 6*y = -2*y - 76, 5*y = l - h. What are the prime factors of l?
2, 17
Suppose 47*k + 18*k - 2426047 - 1208883 = 0. List the prime factors of k.
2, 27961
Let g(j) = j**3 + 13*j**2 - 12*j + 18. Suppose 24*h - 26*h = 28. Let k be g(h). What are the prime factors of k/(-35) + 2166/14?
5, 31
What are the prime factors of (-4500)/2*(23 - 25)?
2, 3, 5
Let r(f) = -11*f + 4. Let d be r(0). Suppose 3*v + d*q - 224 = 357, 2*v = -3*q + 387. What are the prime factors of v?
3, 5, 13
Let a(q) = -10*q. Let w be a(-2). Let s be (-3 + (-39)/(-6))*256/224. List the prime factors of (144/w + 2)/(s/10).
23
Suppose -12*b - 2 = -13*b. Suppose -2*s = b*t - 24, 0 = -4*t - 2*s - s + 53. Suppose 4*x + 5*p - 53 = 0, -2*x - 2*p + t = -11. List the prime factors of x.
17
Let p = -2533 + 10820. What are the prime factors of p?
8287
Suppose 1271*n - 24110 = 1261*n + 82920. What are the prime factors of n?
7, 11, 139
What are the prime factors of ((-1)/(-2))/((-38)/(-508592))?
2, 7, 239
Let v = 179 + 63. Suppose 2*p = v + 302. List the prime factors of p.
2, 17
Let h(m) = -2301*m + 2085. List the prime factors of h(-5).
2, 3, 5, 151
Suppose 4*l + 6*w - 5*w - 1518 = 0, 0 = 5*w - 10. List the prime factors of l.
379
Let b(c) = -c**2 - 35*c - 39. Let m be b(-34). Suppose 2*i + 2 = -2. What are the prime factors of m*14*((-72)/30 - i)?
2, 7
Let j = 323 - 313. List the prime factors of (-16)/j + (-175344